(t).
-2
Let d(z) = z**2 + 28*z + 117. Let c = 11688 - 11712. What is d(c)?
21
Let m(t) = 5*t**3 - 3*t**2 + 52*t + 12. Let p(l) = 2*l**3 - l**2 + 22*l + 6. Let i(v) = 3*m(v) - 7*p(v). Calculate i(0).
-6
Suppose -2*r + r = -6. Let x be 3 + 0 + r/3. Let s(j) = 4*j**2 + 2*j + 2. Let c(b) = b**2 + 2*b + 1. Let q(g) = 3*c(g) - s(g). Give q(x).
-4
Let b(t) = 13*t**2 + 4. Let m(v) = 593*v - 2967. Let i be m(5). Determine b(i).
56
Suppose 4*o = x - 13, 21*x + o = 16*x + 23. Let y(i) = i**2 - 2*i - 4. What is y(x)?
11
Let i be (2*1/(-4))/(124/248). Let l(m) = -m + 1. Let c(n) = -6*n**3 + 2*n**2 + 2*n - 3. Let a(g) = -c(g) - 2*l(g). Give a(i).
-7
Let u(i) = -5*i**2 - 55*i + 21. Let m be u(-11). Let x(w) = 10*w - 206. Give x(m).
4
Let d = -565 + -70. Let g = -634 - d. Let u(w) = w**3 - w**2 + 1. Calculate u(g).
1
Let m(x) be the third derivative of -x**4/8 + 17*x**3/6 - 21*x**2. Let i be m(4). Let h(b) = -i + 5 + 0 + b. Determine h(0).
0
Let p(r) = r**3 - 8*r**2 - 4*r + 13. Let i(j) = 41*j + 2179. Let h be i(-53). Determine p(h).
-83
Let x be (34/8 - 2/8)*9/(-6). Let q(j) be the third derivative of j**5/60 + j**4/4 + 2*j**3/3 - 2*j**2. Calculate q(x).
4
Let h(n) = 1 + 3 - 2 + n**2. Let b = 635 + -818. Let m = b + 181. Calculate h(m).
6
Let d(q) = 86*q**2 - 38*q + 26. Let b(m) = -41*m**2 + 19*m - 13. Let w(i) = -21*b(i) - 10*d(i). What is w(18)?
-5
Let y(m) = -m - 4. Let v be 1/(-2)*(86 - (-4)/(-1)). Let q = 43 + v. Suppose 0 = -q*b - 8, -2*b = x - 0*b + 13. What is y(x)?
1
Let k(a) = -a**2 - 8*a + 4. Let l be (-2)/5 - (3 - 2253/(-5)). Let h = -463 - l. What is k(h)?
-5
Let b(u) = 12*u**2 + 27*u**2 + u - 38*u**2. Let p(c) = -c**2 - c + 1. Let d(f) = 4*f**2 + 7*f - 6. Let n(t) = d(t) + 3*p(t). Let a be n(-4). What is b(a)?
6
Let z(w) be the second derivative of -w**6/360 + w**5/120 - 2*w**4/3 - 110*w**3/3 + 176*w + 1. Let m(d) be the second derivative of z(d). What is m(0)?
-16
Let m(q) = 2*q**2 + 155*q + 35. Let f(x) = -x**2 - 73*x - 17. Let k(s) = -15*f(s) - 7*m(s). Suppose -n - 3 - 4 = 0. Determine k(n).
-11
Suppose 38*q + 52267 = 52533. Let d(j) = 0*j - 2*j**2 + 2 + 7*j + j. What is d(q)?
-40
Let s(w) = -w + 14. Let q be -8 + -4*(-8 + 6)*1. What is s(q)?
14
Suppose 0 = 4*b - 46 + 18. Let p(c) be the second derivative of -2*c**3/3 + 7*c**2 + 13*c - 9. What is p(b)?
-14
Let m(y) = -y**2 + 2*y + 19. Let p(h) = -763*h - 2292. Let q be p(-3). Give m(q).
4
Let j(v) = 8*v - 9. Let c(r) = 8*r - 11. Let b be 250/(-625) + (-44)/(-10). Let p(s) = b*j(s) - 3*c(s). Let l be (3/5)/(1/5). Give p(l).
21
Let a(p) = 2*p**2 + 2. Suppose 39*t - 89 = 50 - 22. Give a(t).
20
Let x(r) = -94*r - 68365 + 34187 + 34174 + 12*r**2. Give x(8).
12
Let c = -2 - -6. Suppose 21 = 3*b + 5*k, 3 = b - 2*k - c. Suppose 0 = -6*h - 35 - b. Let w(r) = -r**3 - 7*r**2 + r + 8. Determine w(h).
1
Suppose -45 = 8*c - 157. Suppose -6 = 5*b + c. Let g(h) = -4*h. What is g(b)?
16
Let v(a) = 4*a + 8 - 2 + 6*a - 3*a. Suppose 35 - 12 = -4*i + k, 0 = -7*i + 5*k - 63. Give v(i).
-22
Let p be -1*-3*(-56)/(-12)*1/2. Let n(u) = -4*u**3 + 27*u**2 + 3*u + 2. What is n(p)?
-26
Let p(n) = -3*n**2 - 4*n + 1. Suppose -11*z - 438 = -416. Let k(x) = 0*x**2 + 5*x**2 + 9*x - 2 + 0*x**2. Let j(f) = z*k(f) - 5*p(f). Calculate j(-2).
15
Let n(f) = f**2 - 9*f - 42. Suppose 1063*h = 5*w + 1067*h - 64, 3*h + 57 = 5*w. Determine n(w).
-6
Let a be (-126)/(-28)*(2 + 0). Let y be ((-3)/a)/(4/(-24)). Let n(d) = -5*d**y - 1 + 7*d**2 - 7*d + 6*d + 3*d**2. What is n(-1)?
5
Let m(p) = 35*p**2 + 2*p - 1. Suppose -20*b + 22 = 4*x - 17*b, x - 5*b = -29. Give m(x).
36
Suppose 493*b + 301*b = -794. Let m(a) = 96*a**3 - 3*a**2 - a - 1. What is m(b)?
-99
Suppose 3*g - 2*g - 38 = 5*i, 5*i + 44 = -2*g. Let n(j) = 8*j - 43 - 5*j + j**2 + 6*j + 36. Calculate n(i).
-15
Let o(h) = 6*h - 90 - 38*h**3 + 68 - 7*h**2 + 39*h**3 + 34. Give o(7).
54
Let o(p) = -53*p - 5. Let l(w) = 133*w + 10. Let d(a) = 2*l(a) + 5*o(a). Determine d(10).
5
Let y(h) be the second derivative of -3*h**5/20 - h**4/4 + 2*h**3/3 - h**2 + 2*h. Let p(m) = 2*m**3 + 3*m**2 + 96*m + 317. Let d be p(-3). Calculate y(d).
-30
Let x = -9 + 8. Let i(t) = -35*t + 6. Let u(a) = 97*a - 17. Let z(p) = -17*i(p) - 6*u(p). What is z(x)?
-13
Let s(b) = -b**2 + 8*b + 3. Let x(o) = -5*o**2 + 31*o + 12. Let q(j) = -23*s(j) + 6*x(j). Determine q(0).
3
Let z(v) be the second derivative of -v**4/6 + 5*v**3/3 - 5*v**2/2 - 1333*v. What is z(8)?
-53
Let d(m) = -9*m**2 + 78*m - 6. Let y(v) = 34*v**2 - 299*v + 25. Let g(c) = -15*d(c) - 4*y(c). What is g(21)?
95
Let n be (-1387)/(-95) + 3/(-5). Let q(j) = n - 4*j - j**2 + 2*j + j. What is q(0)?
14
Let l(x) = -5 - 5*x + 4*x**2 - 4 - 152*x**3 + 153*x**3 + 5. Let o be l(-5). Let i(f) = -f - 7. What is i(o)?
-3
Let j(d) = d**2 - 3*d + 2. Suppose 5*g - 4844 = -9*g. Suppose 5*y + g = 356. Calculate j(y).
0
Let m(b) = -89*b + 3017. Let g be m(34). Let t(x) = x**3 + 10*x**2 + 3*x - 30. Give t(g).
24
Let v(z) be the first derivative of z**4/24 + 8*z**3/3 + 41*z**2/2 - 139. Let q(w) be the second derivative of v(w). Determine q(-16).
0
Let v(l) = -106*l + 32. Let i(d) = 18*d - 1. Let y(a) = 6*i(a) + v(a). What is y(-24)?
-22
Let j(m) be the third derivative of 0*m**3 + 0 - 1/24*m**4 + 41*m**2 + 0*m. What is j(-3)?
3
Let n(k) be the third derivative of -1/120*k**6 + 1/15*k**5 - 5/24*k**4 + 0*k + 0 + 57*k**2 + 5/6*k**3. Determine n(4).
-15
Let h(w) = -2045*w + 10229. Let o be h(5). Let p(b) be the second derivative of -1/20*b**5 - 5/2*b**2 + 1/3*b**o + 0 + 1/6*b**3 + b. What is p(4)?
-1
Suppose 70 = 7*w + 3*w. Let k(j) = -11*j**2 - 14*j - 20. Let b(a) = -5*a**2 - 7*a - 10. Let d(v) = -13*b(v) + 6*k(v). What is d(w)?
10
Let v(d) be the first derivative of d**4/4 + 7*d**3/3 - 4*d**2 + 6*d + 29. Suppose 3*t = -5*j + 7*t - 20, -5*t - 49 = 3*j. Determine v(j).
6
Let b(x) = x**2 + x + 1. Let l(t) = 6*t - 3 - 9*t + 17. Let r be l(5). Give b(r).
1
Let n = -179/1644 + 72/137. Let r(b) be the second derivative of -2/3*b**3 + 0*b**2 - 19*b + n*b**4 + 0 + 1/20*b**5. Give r(-6).
-12
Let t(q) = -22*q + 3. Let o(n) = -n + 1. Let y(v) = -3*o(v) + t(v). Let m = -503 - -502. Calculate y(m).
19
Let a(u) = u**2 - 3*u - 24. Let m be a(-4). Let g(d) = -d**2 - 3 + 2 + 7 - 10*d - m. Give g(-10).
2
Let w(u) be the third derivative of -34*u + 0 + 2*u**3 - 13/24*u**4 + 1/60*u**5 + 3*u**2. Calculate w(9).
-24
Let q(b) = 2*b**3 - 3*b**2 - b - 1. Let r be -22 + 6 - (-342)/19. Give q(r).
1
Suppose -105 = 3*q + 5*m, -m - 4 + 7 = 0. Let d be (-78)/(-24) - (-5)/q*-6. Let z(v) be the first derivative of -v**2/2 + 4*v - 1. Determine z(d).
0
Let i(h) = -195*h**2 - 3*h + 4 - 11 - h - 10 + 196*h**2. Determine i(6).
-5
Let j(w) = -4525 - 19*w - w**2 - 8*w + 4549. What is j(-28)?
-4
Let y(c) be the second derivative of c**3/3 - 7*c**2 - 216*c. Let d be y(8). Let s(f) = f**3 - 2*f**2 + f - 1. Calculate s(d).
1
Let u(y) = -5*y**2 + 300*y - y**3 - 131 + 6*y**2 - 20*y**2 + 257*y - 521*y. What is u(-21)?
-5
Let a(c) = -208*c + 58*c + 58*c + 57*c + 53*c + 1. Let p = 14 - 13. Calculate a(p).
19
Let q(u) = u**2 + 3*u - 8. Let r be (-12)/(4 - 1)*(-5)/(-4). Let v be q(r). Let h(p) = -1 + 10 + 8*p + p - p**3 - 6*p**v - 1. Give h(-7).
-6
Let c(f) = -2*f - 32. Let r be c(-16). Suppose 0 = q - k - 14, -5*q = -r*q + 2*k - 49. Let z(g) = -g + 9. What is z(q)?
-2
Let q(m) = 28*m + 51. Let g(n) = -46*n - 106. Let z(u) = -3*g(u) - 5*q(u). Determine z(17).
29
Let z(j) = 103*j**2 + 150*j + 39. Let d(s) = -29*s**2 - 50*s - 13. Let v(k) = -7*d(k) - 2*z(k). Calculate v(17).
-4
Let b = -11 + 11. Suppose b = -h + 2*t, 3*h - 4*t + 4 = 10. Let p(x) = -5*x + h*x - x**2 + 4*x - 1. What is p(3)?
5
Let h(j) = -22*j**3 - 6*j**2 + 5*j - 6. Let c(v) = -18*v**3 - 5*v**2 + 4*v - 5. Let r(i) = -6*c(i) + 5*h(i). Let o = 4 - 5. Calculate r(o).
1
Let u(l) = -3*l - 4. Let c(w) = -4*w - 5. Let j(f) = -4*c(f) + 5*u(f). Let d = -27 - -20. Let h = 8 + d. Calculate j(h).
1
Suppose -57 = 3*w - 84. Let l(x) = x**3 + w*x**2 - 10*x - 23 + 48 - 19. What is l(-10)?
6
Let v(m) = 72*m**3 + 57*m**2 - 57*m - 57. Let u(j) = 5*j**3 + 4*j**2 - 4*j - 4. Let o(i) = 114*u(i) - 8*v(i). Let g = 0 + -1. What is o(g)?
6
Suppose 0 = -5*b - 23 - 27. Let t = -98 + 101. Let h(u) = -u**2 + 13*u + 13. Let l(g) = -2*g**2 + 14*g + 15. Let r(a) = t*h(a) - 2*l(a). Determine r(b